and 2.
1
Suppose 516*t - 519*t = -483. What is the greatest common factor of 7 and t?
7
Let y = -81 - -91. What is the highest common factor of y and 26?
2
Suppose 12 = 6*z - z - 2*g, -g - 5 = -2*z. What is the greatest common divisor of z and 8?
2
Suppose 5*a - 28 = -h, 2*h - 4*a + 80 = 4*h. Suppose 0 = 60*x - 555 - 165. Calculate the greatest common divisor of h and x.
12
Let l be ((-18)/(-15))/((-3)/(-10)). Suppose -5*j + 5*n - 10 = 0, -4*j - n = 3*n - 24. Calculate the greatest common factor of j and l.
2
Suppose 0 = 2*g - b - 124, 0 = 3*b - 2*b - 2. Suppose 0 = -10*m - 6*m + 144. Calculate the highest common factor of m and g.
9
Suppose 1380 = -9*b + 1425. Let i be (0 + -4 + -1)*-1. Calculate the greatest common divisor of b and i.
5
Let i be 4/18 - (-75)/27. Let z be 38/i*3 + -2. Suppose 125 - 359 = -13*c. Calculate the greatest common factor of c and z.
18
Let w(s) = s - 8. Let i be w(3). Let m(j) = -j**3 - 2*j**2 + 7*j - 7. Let q be m(i). What is the greatest common factor of q and 198?
33
Suppose 15 = -s + 4*s. Let p(d) = 0*d**2 + 7*d**2 + 7*d**2 + s + d**3 - 2*d**2. Let z be p(-12). What is the greatest common divisor of z and 5?
5
Suppose 2 = 3*q - 5*q, -253 = 3*w + q. Let x = -79 - w. Suppose -h + 29 = -b + 11, 3*b - 6 = -h. What is the highest common factor of h and x?
5
Suppose s = 5*h + 205, 6*s + 4*h = 3*s + 520. Calculate the greatest common factor of s and 15.
15
Let c = -112 - -113. Let l be ((-318)/2)/(-1) + c. Calculate the highest common divisor of l and 40.
40
Let p be (-24)/(-3)*(0 - 9/(-4)). What is the highest common divisor of 150 and p?
6
Let s = 321 - 307. What is the highest common factor of 161 and s?
7
Let k(s) = 4*s**3 - 31*s**2 - 4*s - 3. Let g be k(8). Calculate the greatest common factor of 1566 and g.
29
Suppose -134 = -5*m - 4*d, 3*d + 170 = 5*m - 2*d. What is the greatest common divisor of 230 and m?
10
Let w(q) = q**2 + 3*q + 13. Let a(t) = -t**2 + 4. Let v be a(-3). Let x be w(v). What is the highest common divisor of x and 207?
23
Let s = 30 + -17. Suppose -s*t = -9*t - 320. Calculate the highest common divisor of t and 120.
40
Let a = 205 - 200. Let k = -88 + 133. Calculate the greatest common divisor of k and a.
5
Suppose 4*z - 31 = 3*z. Suppose 30*c + 25 = z*c. Calculate the greatest common divisor of c and 5.
5
Let w be (2/3)/((-10)/135*-9). Calculate the highest common divisor of 4 and w.
1
Let p = -14 - -17. Let f be (-4)/8*p*-2. Suppose 0 = f*v - 0*v - 48. What is the greatest common divisor of 16 and v?
16
Let h(c) = c**2 - 10*c + 37. Let u be h(4). Calculate the greatest common divisor of u and 221.
13
Let c be 19 + -2 - (-11 - -4 - -3). Let b be 2/(-3) + 176/12. Calculate the greatest common factor of c and b.
7
Let d be 2/(-7) + (-144)/(-14). Suppose a = 4*k - 4, -2*a = 5*k - 9 - 9. Let h be a + -1 - 1*-87. Calculate the highest common factor of d and h.
10
Suppose 0 = -4*g + 15*g - 561. What is the greatest common divisor of g and 34?
17
Let v(h) = 7 - h**3 - 6*h + 8*h**2 + 3*h**2 + 4*h**2 - 20*h. Let c be v(13). Calculate the greatest common factor of c and 56.
7
Suppose 135 = k - 3*b, -k + 167 - 11 = 4*b. What is the greatest common factor of 18 and k?
18
Suppose 0*b + 138 = -5*u - 2*b, 0 = -4*u + 3*b - 92. Let t be (u - -6)/(2*-1). Let k be -1*38*t/(-20). What is the greatest common factor of 76 and k?
19
Let x = 1488 - 1452. What is the greatest common factor of x and 234?
18
Suppose 4*g - 2*i = -0*g - 14, 0 = 2*g - 3*i + 17. Let j be -7 - -1 - (3 + g). Let o be (-4)/16 + (-458)/j. What is the greatest common factor of o and 19?
19
Let c(l) = 34*l + 11. Let x be c(1). What is the greatest common factor of 495 and x?
45
Let z be 1 + (-3 - -5) + 165. What is the greatest common divisor of 21 and z?
21
Let b be 1504/24*(-30)/(-8). What is the highest common divisor of 5 and b?
5
Suppose -4*h - 2*w + 316 = 0, h = w + 66 + 7. Calculate the greatest common factor of h and 11.
11
Let d = 202 + -188. What is the greatest common divisor of d and 112?
14
Let d be -38 + 40 + (-2)/1 + 189. Calculate the greatest common factor of 231 and d.
21
Let c = 145 + -81. Suppose -4*h + 8*o + 21 = 3*o, -4*o = 4*h - 48. Let w be (-2)/(-9) - (-142)/h. What is the highest common divisor of w and c?
16
Suppose -2*u + 1 = 3*l + 52, 4*u + l = -97. Let o = 32 + u. Calculate the highest common divisor of o and 88.
8
Let p be (-9 - -8 - 3) + 31. Calculate the greatest common divisor of p and 63.
9
Let p = -17 - -14. Let z be (-1540)/(-16) - p/(-12). Let r be 1*(-48)/(-1 - 1). What is the greatest common divisor of z and r?
24
Let w(i) = 126*i - 117. Let k be w(2). Calculate the highest common factor of k and 30.
15
Suppose 0 = 4*y - 1969 - 111. Suppose 7*b - y = -3*b. Calculate the greatest common factor of 78 and b.
26
Let j(z) = -197*z - 91. Let n be j(-4). What is the highest common divisor of n and 123?
41
Let u(k) = k**2 + k. Let y(c) = c + 2*c - c**2 + 0*c - 7*c. Let f(v) = 3*u(v) + y(v). Let o be f(2). Calculate the greatest common factor of o and 4.
2
Let q(k) = -k**2 + 4*k - 10. Let y be q(3). Let u be ((-54)/(-21))/(y/(-49)). Let j = 14 + -8. What is the highest common divisor of j and u?
6
Let d = 8992 + -8976. Let q be 32/(2/(-1 + 3)). Calculate the greatest common divisor of d and q.
16
Suppose -f - 5*t = -3*t + 7, -3*f - 4*t = 31. Let h(j) = -j**2 - 21*j - 19. Let w be h(f). Calculate the highest common divisor of 7 and w.
7
Suppose 4*o = z - 24, o = 3*z - 4*o - 107. Suppose -4*b = -5*b - z. Let k = b + 215. Calculate the greatest common factor of k and 19.
19
Suppose 0 = 3*m - 5*i - 32, i + 18 = 5*m - 50. Calculate the greatest common factor of 175 and m.
7
Suppose -52*s = -36936 - 12204. What is the greatest common factor of 35 and s?
35
Suppose 2*v = v + 2*z - 207, 2*v - z + 414 = 0. Let d = v - -359. Calculate the greatest common divisor of 38 and d.
38
Let y = 39 + -35. Suppose 3*x = y*n + 1 + 39, -2*n + 68 = 4*x. Suppose -4*d + 214 = -490. What is the highest common divisor of d and x?
16
Let m = 14 + -10. Let w = 20 + -18. Suppose 7*t - 72 = -3*d + 3*t, t = -w*d + 43. What is the highest common divisor of d and m?
4
Suppose -2*u + 8 = -c, -5*u = -4*c + 5*c - 34. Suppose a + 0 = u. Let m = -51 + 55. What is the highest common factor of m and a?
2
Let n be 50/325 + (-1077)/(-13). Let v = n - 47. What is the highest common factor of 18 and v?
18
Suppose 5*o - q = 462 - 82, -70 = -o - q. Calculate the greatest common divisor of o and 175.
25
Suppose 0 = 5*o - 2*o + 24. Let y(c) = 2*c**2 + 6*c - 25. Let l be y(o). What is the highest common divisor of 22 and l?
11
Suppose -6*m = -45 + 33. Suppose -m*z - 5*c = 3*z, -5*c = -5*z + 10. Let s be 0 + 1 + (0 - -6). Calculate the greatest common factor of z and s.
1
Suppose 39*k + 736 = 3661. Calculate the greatest common factor of 33 and k.
3
Let u be (-2)/6 + (-332)/(-6). Let d(f) = -f**2 + 2. Let n be d(0). Let w be (-5)/(-2 + n - 1). What is the highest common divisor of w and u?
5
Let t = 1696 + -1670. Let u be 5 - (-2)/(-2 + 1). Suppose u*m = 302 + 10. Calculate the greatest common factor of m and t.
26
Let b be -4 + -11*(2 + -3). What is the greatest common factor of 217 and b?
7
Let g = 329 + -315. Suppose 6*u - 280 = 2*u. What is the highest common factor of g and u?
14
Let x = 359 - 183. Calculate the highest common factor of x and 64.
16
Suppose -2*q - 10 = -3*q. What is the highest common factor of 12 and q?
2
Let g be 8/10*280/(-16). Let o = g + 13. Let u be ((-36)/(-21))/(o/(-7)). What is the greatest common factor of 108 and u?
12
Let y(z) = 17*z - 47. Let f be y(23). Suppose 3*x - x - f = -4*l, -2*l - 2*x + 174 = 0. What is the greatest common divisor of l and 17?
17
Suppose 2*n - 46 = 7*h - 11*h, -3*n + 67 = 5*h. Calculate the highest common factor of 2 and n.
1
Suppose -5*y - 2 = 2*w - 6, -w = 5*y - 7. Let k be (y/(-4))/((12/8)/(-3)). What is the highest common divisor of 2 and k?
1
Suppose 0 = -5*r + 10*r - 2*o - 265, -15 = -3*o. Calculate the greatest common factor of r and 1067.
11
Suppose -3*z = 5*x + 152, 121 = -4*x - 0*x - 3*z. Let i = 73 + x. Suppose 5*r = -2*u + 151, -r - 247 = -4*u - 0*r. What is the highest common factor of u and i?
21
Suppose -2*j - 2*j - 4*g = -392, -2*j + 2*g = -184. What is the highest common divisor of j a